{"id":1693,"date":"2010-06-01T21:49:45","date_gmt":"2010-06-01T19:49:45","guid":{"rendered":"http:\/\/www.psychologie-aktuell.info\/reha\/?page_id=1693"},"modified":"2013-09-11T11:31:17","modified_gmt":"2013-09-11T09:31:17","slug":"arztewitze","status":"publish","type":"page","link":"https:\/\/www.psychologie-aktuell.info\/reha\/service\/witze\/arztewitze\/","title":{"rendered":"\u00c4rztewitze"},"content":{"rendered":"<ul>\n<li>Kommt ein Mann im weissen Kittel ins Krankenzimmer und fragt den Patienten: &#8222;Wie gro\u00df sind sie denn?&#8220; Patient: &#8222;1 Meter 80, Herr Doktor.&#8220; Mann: &#8222;Ich bin nicht der Doktor, ich bin der Schreiner.&#8220;<\/li>\n<\/ul>\n<ul>\n<li>Fragt der Patient: &#8222;Steht es schlimm mit mir, Herr Doktor?&#8220; Doc: &#8222;Also eine Langspielplatte w\u00fcrde ich mir an ihrer Stelle nicht mehr kaufen.&#8220;<\/li>\n<\/ul>\n<ul>\n<li>Sagt der Patient zum Doktor: &#8222;Ich kann mich nicht zwischen Operation und sterben entscheiden.&#8220;<br \/>\nSagt der Doc: &#8222;Mit ein bi\u00dfchen Gl\u00fcck k\u00f6nnen sie vielleicht beides haben.&#8220;<\/li>\n<\/ul>\n<ul>\n<li>Kommt ein Mann zum Arzt. Der Doktor sagt ihm, er habe eine schwere, ansteckende Krankheit. Zur Behandlung werde er Moorb\u00e4der verordnen. Hoffnungsvoll fragt der Patient, ob es ihm davon besser ginge ? &#8222;Das nicht &#8211; aber Sie gew\u00f6hnen sich schon &#8218;mal an die feuchte Erde.&#8220;<\/li>\n<\/ul>\n<ul>\n<li>&#8222;Sie haben eine sehr seltene, sehr ansteckende Krankheit. Wir m\u00fcssen Sie auf die Isolierstation verlegen und dort bekommen Sie nur Kartoffelpuffer und Spiegeleier zu essen.&#8220; &#8222;Werd&#8216; ich davon denn wieder gesund ?&#8220; &#8222;Nein, aber das ist das einzige, was sich unter der T\u00fcr durchschieben l\u00e4\u00dft.&#8220;<\/li>\n<\/ul>\n<ul>\n<li>Was ist Heuchelei? Wenn einem der Arzt &#8218;Gute Besserung&#8216; w\u00fcnscht.<\/li>\n<\/ul>\n<ul>\n<li>Kommt ein Mann zum Arzt:&#8220;Herr Doktor, mir hat ein Hai den Arm abgebissen!&#8220;<br \/>\nDarauf der Arzt: &#8222;Jaja, das machen die&#8230;!&#8220;<\/li>\n<\/ul>\n<ul>\n<li>Der Arzt zum Patienten: &#8222;Tut mir leid, aber ich kann bei Ihnen nichts finden. Es muss wohl am Alkohol liegen!&#8220; Der Patient: &#8222;Dann komme ich wieder, wenn Sie n\u00fcchtern sind!&#8220;<\/li>\n<\/ul>\n<ul>\n<li>Examen in Anatomie. Die junge Kandidatin steht vor einer Leiche, genaugenommen vor dem, was andere nach ihren Sezier\u00fcbungen von ihr \u00fcbrig lie\u00dfen. Der Professor zur Studentin: &#8222;K\u00f6nnen Sie mir sagen, ob es sich hier um eine weibliche oder m\u00e4nnliche Leiche handelt?&#8220; Die Studentin blickt auf den Tisch, wird rot, sagt aber bestimmt: &#8222;Eine m\u00e4nnliche Leiche, Herr Professor!&#8220; &#8211; &#8222;So? Und woran wollen Sie das erkennen?&#8220; Mit abgewendetem Gesicht deutet die Studentin auf einen Leichenrest und sagt tapfer: &#8222;An dieser Stelle hat sich der Penis befunden.&#8220; Antwort des Professors: &#8222;Mitunter, meine Dame, mitunter!&#8230;&#8220;<\/li>\n<\/ul>\n<ul>\n<li>Ein Arzt stellt mitten in der Nacht fest, dass sein Keller unter Wasser steht. Sofort ruft er einen Klempner an. Dieser weigert sich allerdings, zu dieser sp\u00e4ten Stunde noch zu kommen. Daraufhin wird der Arzt aufgebracht und erkl\u00e4rt, dass er auch mitten in der Nacht kommen mu\u00df, wenn er zu einem Notfall gerufen wird. Eine viertel Stunde sp\u00e4ter ist der Klempner da. Gemeinsam mit dem Arzt betritt er die Kellertreppe, die bereits zur H\u00e4lfte unter Wasser steht. Der Klempner \u00f6ffnet seine Tasche, holt zwei Dichtungsringe heraus, wirft diese ins Wasser und sagt: &#8222;Wenn es bis morgen nicht besser ist, rufen Sie wieder an.&#8220;<\/li>\n<\/ul>\n<ul>\n<li>Kommt eine Frau zum Arzt: &#8222;Herr Doktor ich hab&#8216; &#8217;nen Knoten in der Brust.&#8220;<br \/>\nDarauf der Arzt: &#8222;Wer macht denn sowas?&#8220;<\/li>\n<\/ul>\n<ul>\n<li>Was ist der Unterschied zwischen einem Internisten, einem Chirurgen, einem Psychiater und einem Pathologen?<br \/>\n&#8211; Der Internist wei\u00df alles, kann aber nichts.<br \/>\n&#8211; Der Chirurg wei\u00df nichts, kann aber alles.<br \/>\n&#8211; Der Psychiater wei\u00df nichts und kann nichts, hat aber f\u00fcr alles Verst\u00e4ndnis.<br \/>\n&#8211; Der Pathologe wei\u00df alles, kann alles, kommt aber immer zu sp\u00e4t.<\/li>\n<\/ul>\n<ul>\n<li>Kommt ein Tscheche zum Augenarzt. Der h\u00e4lt ihm die Buchstabentafel vor, auf der steht C Z W X N Q Y S T A C Z, und fragt ihn: &#8222;K\u00f6nnen Sie das lesen?&#8220; &#8222;Lesen?&#8220; ruft der Tscheche erstaunt aus, &#8222;Ich kenne den Kerl!&#8220;<\/li>\n<\/ul>\n<ul>\n<li>Fragt der Arzt: &#8222;Rauchen Sie?&#8220; &#8211; &#8222;Nein.&#8220; &#8222;Trinken Sie?&#8220; &#8211; &#8222;Nein.&#8220;<br \/>\nDarauf der Arzt: &#8222;Grinsen Sie nicht so bl\u00f6d, ich find schon noch was!&#8220;<\/li>\n<\/ul>\n<ul>\n<li>Beim Frauenarzt: &#8222;Also Frau Beck, ich habe eine gute Nachricht f\u00fcr Sie.&#8220; &#8222;Fr\u00e4ulein Beck, bitte!&#8220; &#8222;Also, Fr\u00e4ulein Beck, ich habe eine ziemlich schlechte Nachricht f\u00fcr Sie!&#8230;&#8220;<\/li>\n<\/ul>\n<ul>\n<li>Was sagt Petrus zum Arzt? &#8222;Lieferanten zum Hintereingang!&#8220;<\/li>\n<\/ul>\n<ul>\n<li>Der Medizinprofessor pr\u00fcft seine Studenten. Als erstes ruft er eine junge Studentin auf: &#8222;Sagen Sie mir mal, welcher menschliche K\u00f6rperteil sich im Zustande der Erregung bis zum sechsfachen vergr\u00f6ssern kann.&#8220; Die Studentin err\u00f6tet: &#8222;Aber Herr Professor, sollten Sie das nicht lieber einen m\u00e4nnlichen Studenten fragen?&#8220; Professor: &#8222;Na gut&#8230; Also dann Sie, junger Mann; wissen Sie die Antwort?&#8220; Student: &#8222;Im Zustand der Erregung k\u00f6nnen sich die Pupillen bis zum sechsfachen vergr\u00f6ssern!&#8220; Professor: &#8222;Richtig!&#8220; Er dreht sich zu der Studentin um: &#8222;Und Sie, junges Fr\u00e4ulein, gehen Sie mal lieber nicht mit zu gro\u00dfen Erwartungen in die Ehe!&#8220;<\/li>\n<\/ul>\n<ul>\n<li>Der Unterschied zwischen Gott und einem Herz-Chirurgen?<br \/>\nGott macht niemals eine Andeutung, ein Herz-Chirurg zu sein!<\/li>\n<\/ul>\n","protected":false},"excerpt":{"rendered":"<p>Kommt ein Mann im weissen Kittel ins Krankenzimmer und fragt den Patienten: &#8222;Wie gro\u00df sind sie denn?&#8220; Patient: &#8222;1 Meter 80, Herr Doktor.&#8220; Mann: &#8222;Ich bin nicht der Doktor, ich bin der Schreiner.&#8220; Fragt der Patient: &#8222;Steht es schlimm mit &hellip; <a href=\"https:\/\/www.psychologie-aktuell.info\/reha\/service\/witze\/arztewitze\/\">Weiterlesen <span class=\"meta-nav\">&rarr;<\/span><\/a><\/p>\n","protected":false},"author":1,"featured_media":0,"parent":1670,"menu_order":0,"comment_status":"closed","ping_status":"closed","template":"","meta":{"footnotes":""},"class_list":["post-1693","page","type-page","status-publish","hentry"],"jetpack_shortlink":"https:\/\/wp.me\/P1fMVY-rj","jetpack_sharing_enabled":true,"_links":{"self":[{"href":"https:\/\/www.psychologie-aktuell.info\/reha\/wp-json\/wp\/v2\/pages\/1693","targetHints":{"allow":["GET"]}}],"collection":[{"href":"https:\/\/www.psychologie-aktuell.info\/reha\/wp-json\/wp\/v2\/pages"}],"about":[{"href":"https:\/\/www.psychologie-aktuell.info\/reha\/wp-json\/wp\/v2\/types\/page"}],"author":[{"embeddable":true,"href":"https:\/\/www.psychologie-aktuell.info\/reha\/wp-json\/wp\/v2\/users\/1"}],"replies":[{"embeddable":true,"href":"https:\/\/www.psychologie-aktuell.info\/reha\/wp-json\/wp\/v2\/comments?post=1693"}],"version-history":[{"count":2,"href":"https:\/\/www.psychologie-aktuell.info\/reha\/wp-json\/wp\/v2\/pages\/1693\/revisions"}],"predecessor-version":[{"id":1708,"href":"https:\/\/www.psychologie-aktuell.info\/reha\/wp-json\/wp\/v2\/pages\/1693\/revisions\/1708"}],"up":[{"embeddable":true,"href":"https:\/\/www.psychologie-aktuell.info\/reha\/wp-json\/wp\/v2\/pages\/1670"}],"wp:attachment":[{"href":"https:\/\/www.psychologie-aktuell.info\/reha\/wp-json\/wp\/v2\/media?parent=1693"}],"curies":[{"name":"wp","href":"https:\/\/api.w.org\/{rel}","templated":true}]}}