{"id":4967,"date":"2012-01-28T16:06:49","date_gmt":"2012-01-28T15:06:49","guid":{"rendered":"http:\/\/www.psychologie-aktuell.info\/reha\/?page_id=4967"},"modified":"2013-01-11T18:56:45","modified_gmt":"2013-01-11T17:56:45","slug":"informationen","status":"publish","type":"page","link":"https:\/\/www.psychologie-aktuell.info\/reha\/mitgliederbereich\/ltd-psychol\/informationen\/","title":{"rendered":"Informationen"},"content":{"rendered":"<p>Auf dieser Seite sollen Informationen gesammelt werden, die f\u00fcr Ltd. Psychologen von Interesse sind.<br \/>\nWer solche zur Verf\u00fcgung stellen kann, bitte einfach melden&#8230;<\/p>\n<p>Auf dieser Seite sind auch Kommentare\/Fragen m\u00f6glich&#8230;<\/p>\n<h2>Stellenbeschreibungen Ltd. Psychologe\/in<\/h2>\n<p>[download id=&#8220;13311&#8243;]<br \/>\n[download id=&#8220;13315&#8243;]<br \/>\n[download id=&#8220;13313&#8243;]<\/p>\n<h2>Eingruppierung<\/h2>\n<p>Die Verhandlungen zur Eingruppierung nach dem TV\u00f6D haben nach wie vor noch nicht stattgefunden bzw. zu keinem Ergebnis gef\u00fchrt. Es gelten f\u00fcr die Eingruppierungen also nach wie vor die Regelungen des BAT.<\/p>\n<ul>\n<li><strong>EG 13<\/strong>\u00a0 &#8211; Psychologen (Dipl.-Psych. und Master)<\/li>\n<li><strong>EG 14<\/strong> &#8211; Psychologen mit mindestens <strong>3 st\u00e4ndig unterstellten Mitarbeitern\/innen (Vollzeitstellen)<\/strong>, die in EG 13 eingruppiert sind, also Dipl.-Psych. oder Master, Bachelor z\u00e4hlen hier nicht dazu!<\/li>\n<li><strong>EG 15<\/strong> &#8211; Psychologen mit mindestens <strong>5 st\u00e4ndig unterstellten Mitarbeitern\/innen <\/strong><strong> (Vollzeitstellen)<\/strong>, die in EG 13 eingruppiert sind, also Dipl.-Psych. oder Master, Bachelor z\u00e4hlen hier nicht dazu!<\/li>\n<\/ul>\n<p>&nbsp;<\/p>\n","protected":false},"excerpt":{"rendered":"<p>Auf dieser Seite sollen Informationen gesammelt werden, die f\u00fcr Ltd. Psychologen von Interesse sind. Wer solche zur Verf\u00fcgung stellen kann, bitte einfach melden&#8230; Auf dieser Seite sind auch Kommentare\/Fragen m\u00f6glich&#8230; Stellenbeschreibungen Ltd. Psychologe\/in [download id=&#8220;13311&#8243;] [download id=&#8220;13315&#8243;] [download id=&#8220;13313&#8243;] Eingruppierung &hellip; <a href=\"https:\/\/www.psychologie-aktuell.info\/reha\/mitgliederbereich\/ltd-psychol\/informationen\/\">Weiterlesen <span class=\"meta-nav\">&rarr;<\/span><\/a><\/p>\n","protected":false},"author":1,"featured_media":0,"parent":4523,"menu_order":0,"comment_status":"open","ping_status":"closed","template":"","meta":{"footnotes":""},"class_list":["post-4967","page","type-page","status-publish","hentry"],"jetpack_shortlink":"https:\/\/wp.me\/P1fMVY-1i7","jetpack_sharing_enabled":true,"_links":{"self":[{"href":"https:\/\/www.psychologie-aktuell.info\/reha\/wp-json\/wp\/v2\/pages\/4967","targetHints":{"allow":["GET"]}}],"collection":[{"href":"https:\/\/www.psychologie-aktuell.info\/reha\/wp-json\/wp\/v2\/pages"}],"about":[{"href":"https:\/\/www.psychologie-aktuell.info\/reha\/wp-json\/wp\/v2\/types\/page"}],"author":[{"embeddable":true,"href":"https:\/\/www.psychologie-aktuell.info\/reha\/wp-json\/wp\/v2\/users\/1"}],"replies":[{"embeddable":true,"href":"https:\/\/www.psychologie-aktuell.info\/reha\/wp-json\/wp\/v2\/comments?post=4967"}],"version-history":[{"count":2,"href":"https:\/\/www.psychologie-aktuell.info\/reha\/wp-json\/wp\/v2\/pages\/4967\/revisions"}],"predecessor-version":[{"id":6290,"href":"https:\/\/www.psychologie-aktuell.info\/reha\/wp-json\/wp\/v2\/pages\/4967\/revisions\/6290"}],"up":[{"embeddable":true,"href":"https:\/\/www.psychologie-aktuell.info\/reha\/wp-json\/wp\/v2\/pages\/4523"}],"wp:attachment":[{"href":"https:\/\/www.psychologie-aktuell.info\/reha\/wp-json\/wp\/v2\/media?parent=4967"}],"curies":[{"name":"wp","href":"https:\/\/api.w.org\/{rel}","templated":true}]}}